ine n(d).
-10
Let f(n) = -27*n - n**2 + 3 + 65*n - 39*n. Let r = 27 + -27. Give f(r).
3
Let i(d) = d**3 + 4*d + 5. Let b(k) = 18*k - 202. Let r be b(11). What is i(r)?
-75
Let d(m) = -4*m**2 + 102*m + 292. Let q(g) = g**2 - 26*g - 70. Let t(v) = -2*d(v) - 9*q(v). Calculate t(31).
15
Let b(p) = -13*p**3 - 15*p**2 - 60*p + 5. Let f(i) = 11*i**3 + 16*i**2 + 59*i - 3. Let w(t) = -5*b(t) - 6*f(t). Give w(-18).
-7
Suppose -2*p + 80 = 2*y, -5*y = 4*p - 299 + 99. Let z be (3*(-1)/(-6))/((-4)/y). Let j(h) = h**3 + 6*h**2 + 2*h - 7. Calculate j(z).
8
Suppose 252 + 848 = 71*i + 149*i. Let c(k) = -26*k + 66. What is c(i)?
-64
Let h(w) be the first derivative of -w**5/20 + w**4/2 - 7*w**3/6 + 3*w**2/2 + 16*w + 41. Let p(n) be the first derivative of h(n). What is p(5)?
-7
Let z(f) be the second derivative of f**3/2 - 17*f**2/2 - 187*f. Calculate z(9).
10
Suppose 0 = -41*p + 326 + 166. Let f(y) = -y**2 + 20*y - 5. Let j(o) = o**2 - 19*o + 6. Let b(m) = 6*f(m) + 7*j(m). What is b(p)?
0
Let q(a) = 35*a**2 - 318*a - 959. Let u(o) = -9*o**2 + 84*o + 240. Let t(p) = 6*q(p) + 23*u(p). Calculate t(6).
18
Suppose 0 = -5*c - 64 - 36. Let u = 51 + c. Suppose 3*r + 7 = u. Let z(q) = -q**3 + 8*q**2 + q. Give z(r).
8
Let z = -1248 - -1248. Let k(i) be the third derivative of -13*i**2 + 1/24*i**4 + z*i + 1/30*i**5 + 0*i**3 + 0. Calculate k(-1).
1
Suppose 5*r - 4 = -h + 4, 5*r + 4*h - 2 = 0. Suppose r*c = -c - 15. Let k(z) be the second derivative of -z**4/12 - 5*z**3/6 + 3*z**2/2 + 177934*z. Give k(c).
3
Suppose -115 = -34*v + 11*v. Let q(p) be the second derivative of p**4/12 - p**3/3 - 3*p**2 + 32*p + 1. Determine q(v).
9
Suppose 40*d = 541 - 461. Let n(q) = -4*q + 3. Let v(u) = -5*u + 3. Let h = 0 + 4. Let t(m) = h*n(m) - 3*v(m). Give t(d).
1
Let q(z) be the second derivative of 11*z**3/6 - 49*z**2 - 8884*z. Determine q(13).
45
Suppose -45 = 9*p, -13*b + 16*b + 14 = -4*p. Let s(g) = -3*g**2 - 2*g + 3. Determine s(b).
-13
Let j be 5 - ((-12)/3 + 1). Let i(g) = 5*g**3 + 3*g**2 + 77*g - 11. Let v(u) = 9*u**3 + 7*u**2 + 140*u - 19. Let h(m) = -11*i(m) + 6*v(m). Give h(j).
15
Let n(p) = -p**2 - 4*p. Let l(v) = -v - 9. Let j be l(-8). Let u(x) = -x + 3. Let z(y) = j*n(y) + 2*u(y). What is z(-6)?
30
Let u(v) be the third derivative of -v**5/60 + 7*v**4/4 + 21*v**3/2 + 8411*v**2. Calculate u(43).
20
Let g(l) = -4*l - 1. Let b be ((10 - 2) + (-11 - -2))/(5/75). Determine g(b).
59
Let b(r) = 10*r - 114. Suppose 4*s - 5*j - 19 = 0, -4*j + 9 = 2*s - 33. Let m be b(s). Let z(k) = k**2 + 3*k + 1. Determine z(m).
5
Let n(s) = -15*s**2 + 4*s + 3. Let r = -27665 + 27663. What is n(r)?
-65
Let s = -1 + 0. Let i(v) = -1628*v + 13 - 29*v**2 + 1626*v + 25 - 39. Give i(s).
-28
Let l(t) be the first derivative of t**4/4 - 2*t**3/3 + t + 1989. Suppose -2*q + 1 + 1 = 0. What is l(q)?
0
Let d be 2271/(-27) - (-1)/9. Let b = -76 - d. Let a(o) = o**2 - 10*o + 11. Give a(b).
-5
Let z(h) be the third derivative of -h**4/24 - 2*h**3 + 313*h**2. What is z(4)?
-16
Let n(i) = 5*i. Let h = -124 - -60. Let x = -59 - h. Suppose -5*l + 0*l = x*t - 15, -4*t - l = -9. What is n(t)?
10
Let g(w) = -w**3 - 2*w**2 + w - 1. Let p(t) = 5*t**3 - 20*t**2 - 7*t - 35. Let x(u) = 6*g(u) + p(u). What is x(-32)?
-9
Let p(s) = -31*s + 7. Let v(l) = -15*l + 3. Let b(k) = 3*p(k) - 7*v(k). Let d be (9/(-6))/(3/(-6)). Suppose -5 - 6 = -5*g + 2*i, -5*g + d*i = -14. Give b(g).
12
Let r(m) = m**3 + 12*m**2 + 10*m - 1. Let z(h) = h**2 - 17*h + 43. Let q be z(14). Let c be 116/29 - 15/q. Give r(c).
10
Let h(l) = 26*l**2 + 52*l - 29. Let p(z) = -9*z**2 - 18*z + 10. Let b(j) = 6*h(j) + 17*p(j). Determine b(-5).
41
Let k(a) = 6 + 2*a - 3*a + 2*a. Let x = 30948 + -30954. Calculate k(x).
0
Let r = -11 - -20. Let i(s) be the first derivative of -s**4/4 + 3*s**3 - 5*s + 8218. Determine i(r).
-5
Let k(c) = 8*c - 7. Let w = 257 - 251. Suppose -281*b + 282*b - w = 0. Calculate k(b).
41
Let j(q) = 21*q + 22. Let a(v) = -4*v - 8. Let o(b) = -5*a(b) - j(b). Give o(9).
9
Let x(s) = -s**3 - 5*s**2 + 4*s + 1. Let g = 1783 + -1786. What is x(g)?
-29
Let g(r) = -r**3 + 10*r**2 - 16*r + 22. Let d = -46153 - -46162. Determine g(d).
-41
Let t(y) = -y**2 - 1. Suppose -2*x = -3*g + 22, -g + 5*x = 2*g - 37. Let w(p) = 6*p**3 - 3*p - 2. Let b be w(-1). Let i be (-15)/b + g/(-6)*6. What is t(i)?
-2
Let k(j) be the second derivative of j**3/3 + 47*j**2/2 - 41*j - 11. Calculate k(-22).
3
Let i(g) be the third derivative of g**6/120 + g**5/30 + 5*g**4/24 + 5*g**3/6 - 690*g**2. Suppose 0 = 3*v + 2 + 10. What is i(v)?
-47
Suppose 71*g = 141 + 50 + 93. Let o(r) be the first derivative of -1/4*r**g + 1/2*r**2 + r + 2/3*r**3 - 6. What is o(2)?
3
Let o(t) = -4*t**2 + 20*t - 15. Suppose -264*r + 892 + 85 + 607 = 0. What is o(r)?
-39
Let c(i) = -i**3 + 39*i**2 - 106*i - 73. Suppose -4*m + 136 = 4*p, 4*m - 361 = -2*p - 221. Calculate c(m).
-1
Let d(g) = -g**3 - 2*g**2 + 15*g - 13. Let n = 10969 - 10974. Determine d(n).
-13
Suppose 25 = -2*m - 5*b - 0, 5 = 4*m - b. Let s be (24/1)/(-6) - -6. Let i(n) = -7 + 4*n**s + 8 + 0 - 5*n**2 + n. Give i(m).
1
Let a(j) = j**2 - 31*j - 9. Let o(y) be the second derivative of y**4/6 - 59*y**3/6 - 9*y**2 - 13*y - 7. Let g(f) = 11*a(f) - 6*o(f). Determine g(11).
31
Suppose d = 4*u + 286, 5*u + 2*d - 168 + 519 = 0. Let z = u - -80. Let r(g) = 2*g**2 - 16*g - 13. Calculate r(z).
5
Let i = 277 - 270. Let b(j) = -j**3 + 4*j**2 - j - 4. Let z be b(2). Let a(y) = 1 + y + 6 - z*y + 4. Calculate a(i).
4
Let w(m) = 14*m**2 - 2*m + 68. Let c(y) = 23*y**2 - 6*y + 135. Let h(o) = 3*c(o) - 5*w(o). What is h(-13)?
0
Let r(m) = -7*m**3 - 24*m**2 - 26*m + 92. Let j(u) = -5*u**3 - 25*u**2 - 27*u + 75. Let g(a) = 4*j(a) - 3*r(a). What is g(29)?
-5
Suppose -36 = 2*h + r - 25, 4*r - 34 = 5*h. Let g(p) = -p**3 - 4*p**2 + 8*p. Calculate g(h).
24
Let u be 5 + (-297)/63 - 24/(-14). Let n(s) = 0*s - 2 + 5*s - 9*s**u + 7*s**2 - 1 + 3*s**2. Let o(y) = -4*y + 2. Let t be o(2). Give n(t).
3
Suppose -6*i + 3*y + 30 = -11*i, -3*i - 2*y = 17. Let c(a) = a**2 + 11*a - 10. Let m(g) = -4*g**2 - 45*g + 41. Let z(x) = -9*c(x) - 2*m(x). What is z(i)?
8
Let f(k) = -3*k**3 - 41*k**2 + 24*k + 25. Let c(a) = 2*a**3 + 28*a**2 - 16*a - 17. Let g(w) = 10*c(w) + 7*f(w). What is g(-8)?
5
Suppose 2*h + 4 = 4*h. Let y(l) = 3*l**2 + l - 1 - 4*l**2 - 15*l**2 + 17*l**2 + 0*l**3 - 2*l**3. Calculate y(h).
-11
Let i(p) be the first derivative of p**4/12 + 5*p**3/6 - 7*p**2/2 - 26*p + 4. Let t(h) be the first derivative of i(h). Suppose -8 + 26 = -3*w. Calculate t(w).
-1
Suppose 67 = 26*c - 11. Let b(p) = -4*p**c - 55*p + 7*p**2 - 46*p + 3*p**3 + 93*p. What is b(6)?
-12
Let j(r) = -5*r**3 - r**2 - 2*r + 11. Let w be ((4/(-8))/1)/(1/(-34)). Let t(s) = 14*s**3 + 2*s**2 + 5*s - 32. Let y(x) = w*j(x) + 6*t(x). What is y(-4)?
-5
Let d(a) = -5*a + 3. Let z be d(-3). Suppose 2*k - z = 2*h, 3*h + 0 = -3. Let q(o) = -5*o + 5*o**3 + 7 + 0*o - 6*o**3 - o - k*o**2. What is q(-7)?
0
Let q(m) be the third derivative of m**8/6720 + m**7/630 + m**4/6 + 5*m**3/3 + 43*m**2. Let x(j) be the second derivative of q(j). Give x(-4).
0
Suppose 31*x = 30*x - 11. Let c(f) = -f**3 - 11*f**2 - 4*f - 12. Determine c(x).
32
Let w(x) be the first derivative of 2*x**3/3 - 13*x**2/2 + 9*x + 1514. Determine w(7).
16
Let x(p) = -12*p - 1. Suppose 5*n - 3*j + 57 = -57, -n - 20 = -2*j. Let i be ((-6)/1)/(-12)*(0 + n). Let k be i/12 + 0 + 0. Give x(k).
11
Let q(p) = -2*p**3 + 7*p**2 + p + 6. Let r be 0 + 1 - (0 + 3 + 140/(-20)). Calculate q(r).
-64
Let b(k) be the second derivative of k**3/6 - 5*k. Let n(y) = y**2 - 9*y - 4. Let o(d) = 6*b(d) + n(d). Let u be -54 - -57 - (-1 - 2). Determine o(u).
14
Let a(v) = -23 - 30 + 29 - 27*v - 20 - 52. What is a(-6)?
66
Let c(s) = -1 - 5*s + 3*s - s**2 + 10*s - 11. Let k be (-96 + -2)/(-14) + -2. Give c(k).
3
Let y(o) be the second derivative of 0 - 3/2*o**2 + 47*o - 7/6*o**3. Calculate y(-2).
11
Suppose -2*g + 15 = 5*h, -31*h = -4*g - 27*h - 12. Let z(c) = -2*c**2 - 27. Calculate z(g).
-27
Let a(z) = z. Let y be 2 - (-3 - (-10)/2). Let x be a(y). Let j(s) = 5*s - 8 + s - 5*s + 20 - 11. Determine j(x).
1
Let u(w) = -w**3 + 11*w**2 + 12*w - 1. Suppose 2*n + 2*l = -0*n + 206, -n - 3*l = -97. Let s = 118 - n. Determine u(s).
-1
Suppose 0 = 3*h - 22 + 13. Suppose 3 = -h*f - 9, b + 4*f 